**2 + 39*x - 77. Let m be k(-41). Is 4/40*m*(-25206)/(-3) composite?
False
Let j(p) be the second derivative of 5*p**4/12 - 5*p**3/2 - p**2/2 - 17*p. Let r be j(-6). Suppose 3*m - 1040 = -r. Is m a prime number?
True
Let y(h) = -h**2 + 30*h + 30. Let k(d) = 31*d + 29. Let z be 2 - 0/(1 - (3 + -4)). Let i(f) = z*k(f) - 3*y(f). Is i(15) a composite number?
False
Suppose 2*t - 119664 = -2*i, 271*t = 273*t + 5*i - 119679. Is t prime?
False
Let f be 1*22/(-4)*(-36)/18. Let s(i) = 2*i**3 - 32*i + 7. Is s(f) composite?
True
Let t = 28 + -52. Let u be (50/12)/5 - t/144. Is 0 - (-1934)/(-4)*(u - 3) a composite number?
False
Suppose 229*a - 95027127 = 156247474. Is a a composite number?
True
Let j(l) = 4*l**3 - 6*l**2 - 12*l + 37. Let c(g) = -g**2 + 12*g - 4. Let n be c(2). Is j(n) prime?
False
Suppose 24 = 3*l + 204. Let b = l + 59. Let o(v) = 222*v**2 + 4*v + 3. Is o(b) a composite number?
True
Let o(j) = 5445*j**2 + 41*j + 191. Is o(-5) a composite number?
False
Let i(d) = 19*d - 8129. Let w(l) = 48*l - 16255. Let u(f) = -5*i(f) + 2*w(f). Let r be -2 - (4/2 - 4). Is u(r) composite?
True
Is 12/(-22) + (-29335293)/(-1287) a composite number?
True
Suppose 0 = 5*g + 4*l - 175, 5*l + 64 = -g + 2*g. Let y = -33 + g. Suppose -13*v = -y*v - 469. Is v a prime number?
True
Suppose 10*l + 0*l = 92049 + 144981. Is l a prime number?
False
Let k(x) = -x**3 + 11*x**2 - 9*x + 8. Let b be k(10). Suppose -b*o + 21*o = 5517. Suppose 0 = 5*q - 4*q - o. Is q composite?
True
Suppose -4*p = 2*v - 1025688, 116*p + 1282111 = 121*p + 2*v. Is p composite?
False
Let d = 105810 + 15299. Is d prime?
False
Is (22182/(-9))/((-18)/297) a prime number?
False
Suppose 2676*h + 21031057 = 2693*h. Is h composite?
False
Let v(x) be the third derivative of x**4/3 - 7*x**3/6 + 10*x**2. Let n be v(3). Suppose -s = 5*u - 140, 0 = 4*u - n - 3. Is s prime?
False
Let f = 113290 + -72411. Is f composite?
False
Suppose 4*w = 5*g + 28, -w + 18 = -4*g - 0*g. Suppose 10*z - w*z = 72. Let m(u) = u**2 + 3*u - 21. Is m(z) a composite number?
True
Let n be (-4 - (-10)/3)*396. Is (6 - (n + 6)) + 1 + -3 prime?
False
Let n(h) = -77*h**3 - 4*h**2 - 15*h + 7. Let s(w) = -229*w**3 - 12*w**2 - 44*w + 21. Let x(r) = 17*n(r) - 6*s(r). Is x(5) prime?
True
Suppose 6*n - 10 = h + 4*n, -5*h = -4*n + 20. Suppose h = 10*k - 6*k - 24. Suppose k*v + v - 6769 = 0. Is v composite?
False
Let g = 166 + -156. Suppose g*j = -9*j + 14231. Is j composite?
True
Let f(j) = 887*j**2 + j - 17. Is f(-4) composite?
True
Let p = 196001 + 84270. Is p a prime number?
False
Suppose 0 = 4*v - p - 44832, -v - p + 1089 + 10119 = 0. Suppose 7027 = 35*y - v. Is y prime?
True
Let x(o) = o**3 - 16*o**2 - 121*o + 2. Let y be x(24). Suppose 2*m = 168 + y. Is m prime?
True
Is 28320/2400*(-1*1 + 6006) prime?
False
Let f(v) = -134*v + 40. Let h(m) be the third derivative of -15*m**4/8 + 13*m**3/6 + 20*m**2. Let l(t) = 6*f(t) - 17*h(t). Is l(-8) prime?
True
Suppose -5*k + 26287 = -2*n, -4*k + 3680 = n - 17347. Is k composite?
True
Let r(j) = -27*j - 3 - 153*j - 4. Let y be r(-9). Let g = 1110 + y. Is g composite?
True
Suppose 4*r = 4*n - 36, -4*r = 8*n - 4*n + 4. Suppose -5*q - 36811 = -n*t, 4*q = 4 - 16. Is t prime?
True
Let i(r) = 6*r**2 - 13*r**2 - 5*r**2 + r**3 + 20 + 7*r - 5*r**2. Let z be i(19). Let j = 168 + z. Is j a prime number?
False
Suppose 2*g - 1605974 = -2*o, -4*g - 7*o + 1367675 = -1844261. Is g prime?
False
Let m(t) = 21*t**2 - 11*t + 27. Let j be m(-11). Let p = j - 1572. Is p a prime number?
True
Suppose 733 = v - 378. Suppose 2*h = 228 - 628. Let a = v + h. Is a a prime number?
True
Let r be 4/(-22) - 45201/(-11). Let d = 6538 - r. Is d prime?
False
Let v(g) = -311*g**3 + 4*g**2 + 14*g + 28. Is v(-3) prime?
True
Let q(l) = -185*l**3 + 6*l**2 - 12*l - 37. Is q(-8) composite?
True
Let l = 289275 + -151628. Is l a prime number?
False
Suppose -4*z = -2*b + 5670, 0 = -5*z + b - 8219 + 1127. Let n = 2506 + z. Is n prime?
True
Suppose 50*j + 4540560 = 98*j. Is j composite?
True
Let s(c) = c**2 - 2*c - 19. Let a(n) = -n - 1. Let z(k) = -3*a(k) + s(k). Let l be z(-4). Is 3271/7 - -3*l/42 composite?
False
Suppose -5*c - 29 = -34. Is ((-32463)/(-3))/(1/c) a prime number?
False
Let d be (4 - 6) + 7*675/1. Suppose 4*o + 5 = -o, -o = 2*a - d. Is a a prime number?
False
Suppose 7*c - 79898 - 23506 = 0. Let b = c + -4379. Is b prime?
False
Let q(u) = 1488*u - 57. Let h be q(8). Suppose 2417 = -10*f + h. Is f a composite number?
True
Let p(a) = -a**3 + 24*a**2 + 18*a + 3. Let t be p(25). Let x = t + 193. Is x a composite number?
True
Let p = -25 + -1001. Let s = 686 - p. Let l = s - 1219. Is l a prime number?
False
Let d(c) = -947*c + 1547. Is d(-76) a prime number?
False
Let z(h) = 90*h**2 - 36*h + 137. Is z(8) a composite number?
True
Let q(k) = 255*k - 147. Let m be q(-23). Let s = m - -16379. Is s a prime number?
False
Is -3 + (8 - 9) - (-483465 - 6) prime?
True
Is ((-7)/(-14))/((-1)/6) + 147474 a composite number?
True
Let t(h) be the first derivative of -2 - 11*h + 22/3*h**3 + 1/2*h**2. Is t(6) a prime number?
True
Let h(f) = 3*f**3 - 22*f**2 + 8*f - 11. Let p be h(7). Is 59906/7 - (-1 + p) composite?
False
Suppose -12*q = -5*o - 14*q + 2860014, -q = -2. Is o prime?
False
Let u = 141 + -125. Suppose -19*x + u*x = 0. Suppose -2*z - 697 = i - 2326, 3*i + 5*z - 4884 = x. Is i prime?
False
Let x be -3 + (-2*(-2)/(-4) - -4). Suppose 5*v = x, -5*r + 70 = 2*v - 5*v. Let o(i) = 184*i - 33. Is o(r) composite?
False
Is ((-704)/(-165) - 4/15) + 59460/2 a prime number?
False
Suppose 4*x = -41 - 71. Let p be 4/(-3)*(x/(-8) - 2). Is 3/(1 + p) - 614*-1 prime?
False
Let n = 171418 - 78867. Is n a composite number?
False
Let z(o) = -37*o**2 - 4*o - 2. Let f be z(-1). Is -7*(1084/f + (-36)/(-90)) composite?
True
Suppose -h + 2*k = -49102 - 21523, -353167 = -5*h + 3*k. Is h a prime number?
False
Suppose -12*b = 27*b - 9*b - 354030. Is b a composite number?
False
Let s(m) = 78 - 49 + 36*m + 150*m - 44. Let w be s(8). Suppose 3280 = 7*d - w. Is d prime?
False
Suppose -1525155 - 5213250 = -15*v. Is v prime?
True
Suppose -178720 = 24*q - 34*q. Suppose -3*m = -w - q, -2*m + 5*w - w = -11898. Is m composite?
True
Let s(h) = -530*h**3 - 8*h**2 - 28*h - 107. Is s(-5) a prime number?
True
Suppose 0 = 4*d - 4*a - 40, -4*d + 2*d + a = -16. Suppose -2637 = -i + 4*k, -3*i + 3*k - d*k = -7986. Is i a composite number?
False
Let f be (-24)/10*90/27. Let o(s) = -s**3 - 6*s**2 - 20*s - 1. Let b be o(f). Suppose -6*z = -1339 - b. Is z a prime number?
True
Let t(j) = -36*j + 132. Let l be t(5). Is (l/(-20) + -2)/(4/51470) prime?
True
Suppose 5868517 = 20564*k - 20533*k. Is k a prime number?
True
Is (322965/315)/((6/(-63))/(-2)) composite?
True
Let g(w) = 10633*w + 74. Is g(3) composite?
False
Suppose 422 = 3*z - 334. Let n(w) = 19*w**2 + 12*w. Let j be n(-5). Let q = j - z. Is q prime?
True
Suppose 3*c - 3 = 0, -2*g = -4*c + 1695916 - 6318930. Is g a composite number?
True
Let u(z) = -5*z**2 + 3638*z**3 + 3 + 2*z**2 + 28*z - 29*z + 3636*z**3. Is u(1) a composite number?
True
Let u(s) = s**3 - 21*s**2 + 22*s - 25. Let h be u(20). Suppose 36*j - 148323 = h*j. Is j prime?
False
Let o(b) = 6426*b + 173. Is o(1) prime?
True
Let i(r) be the second derivative of -47*r**3/3 + 117*r**2/2 - 188*r. Is i(-35) a prime number?
True
Suppose 5178465 = 139*m - 13625670 - 19127714. Is m a composite number?
True
Let r(m) = -2*m**3 + 26*m**2 - m + 18. Let x be r(13). Suppose -2*q + 4*q = 2*f - 8, -38 = -x*f - q. Suppose -4*o = -f*o + 5451. Is o a composite number?
True
Let j(n) = 184*n**2 + 4*n + 33. Let y be j(-4). Let z = y + -352. Is z a prime number?
True
Let r(q) = q**3 + 6*q**2 - 3*q - 13. Let a be r(-6). Suppose 4*p + 1 = 2*i - a, p = -i - 6. Is (-61 + 2)*3/(p - 0) composite?
False
Let o be 27/(-18) + 86/4. Suppose -21*r + 1501 = -o*r. Is r a composite number?
True
Let v(a) = a**3 - 4*a**2 + a + 11. Let p be v(3). Suppose 3*j = -3*y + 52659, p*y + 3*j - 87770 = -j. Is y a composite number?
True
Let f = 79248 - 47079. Is f a prime number?
False
Suppose -5*h - 26*u + 30*u = -495013, -5*u = 2*h - 197992. Is h a composite number?
True
Let a = 154 + -222. Let x = -70 - a. Let u(h) = -1523*h - 5. Is u(x) composite?
False
Let d = -97 + 102. Let t(w) = 133*w**2 - w - 6. Is t(d) a prime number?
F